{"id":72,"date":"2011-12-11T15:32:46","date_gmt":"2011-12-11T15:32:46","guid":{"rendered":"http:\/\/patternhof.noez.de\/?page_id=72"},"modified":"2020-11-21T14:48:00","modified_gmt":"2020-11-21T14:48:00","slug":"schulcronik","status":"publish","type":"page","link":"https:\/\/patternhof.de\/?page_id=72","title":{"rendered":"Schulchronik (1956-2003)"},"content":{"rendered":"<p><img data-recalc-dims=\"1\" fetchpriority=\"high\" decoding=\"async\" class=\"size-medium wp-image-5991 aligncenter\" src=\"https:\/\/i0.wp.com\/patternhof.de\/wp-content\/uploads\/2020\/11\/Schulchronik.jpg?resize=240%2C300\" alt=\"\" width=\"240\" height=\"300\" srcset=\"https:\/\/i0.wp.com\/patternhof.de\/wp-content\/uploads\/2020\/11\/Schulchronik.jpg?resize=240%2C300&amp;ssl=1 240w, https:\/\/i0.wp.com\/patternhof.de\/wp-content\/uploads\/2020\/11\/Schulchronik.jpg?resize=300%2C374&amp;ssl=1 300w, https:\/\/i0.wp.com\/patternhof.de\/wp-content\/uploads\/2020\/11\/Schulchronik.jpg?w=750&amp;ssl=1 750w\" sizes=\"(max-width: 240px) 100vw, 240px\" \/><\/p>\n<p>Hier k\u00f6nnen Sie verfolgen, was sich in den Jahren 1956 bis 2003 an der Realschule Patternhof ereignet hat.<\/p>\n<div class=\"dt-accordion accordion\">\n<h3 class=\"ui-accordion-header ui-accordion-header-first-child\"><span class=\"ui-icon\">\u00a0<\/span><a href=\"#\">1956<\/a><\/h3>\n<div class=\"ui-accordion-content\">\n<p>Die Mitglieder des Realschulzweckverbandes beschlie\u00dfen den Aufbau einer Realschule f\u00fcr Jungen in Eschweiler ab dem Schuljahr 1957\/58.<\/p>\n<\/div>\n<h3 class=\"ui-accordion-header\"><span class=\"ui-icon\">\u00a0<\/span><a href=\"#\">1957<\/a><\/h3>\n<div class=\"ui-accordion-content\">\n<p>Die Stadt Eschweiler stellt der Realschule des Zweckverbandes R\u00e4ume des St\u00e4dtischen Gymnasiums zur Verf\u00fcgung \u2013 einen Klassenraum und ein<br \/>\nLehrerzimmer. Die Realschule beginnt mit einer Klasse, die 42 Jungen umfasst.<br \/>\nEngelbert Hoppe wird als kommissarischer Schulleiter eingesetzt. Das<br \/>\n&#8222;Ein-Mann-Kollegium&#8220; wird um verschiedene nebenamtliche Mitarbeiter<br \/>\nerweitert, um den Unterricht in den einzelnen F\u00e4chern zu gew\u00e4hrleisten.<\/p>\n<\/div>\n<h3 class=\"ui-accordion-header\"><span class=\"ui-icon\">\u00a0<\/span><a href=\"#\">1958<\/a><\/h3>\n<div class=\"ui-accordion-content\">\n<p>Es wird eine weitere Klasse von 39 Sch\u00fclern gebildet.<\/p>\n<\/div>\n<h3 class=\"ui-accordion-header\"><span class=\"ui-icon\">\u00a0<\/span><a href=\"#\">1959<\/a><\/h3>\n<div class=\"ui-accordion-content\">\n<p>Die Stadt Eschweiler stellt dem Realschulzweckverband das st\u00e4dtische Grundst\u00fcck Patternhof, ein ehemaliges Rittergut, f\u00fcr den Neubau der Realschule zur Verf\u00fcgung.<\/p>\n<\/div>\n<h3 class=\"ui-accordion-header\"><span class=\"ui-icon\">\u00a0<\/span><a href=\"#\">1960<\/a><\/h3>\n<div class=\"ui-accordion-content\">\n<p>Die Grundsteinlegung erfolgt im M\u00e4rz 1960.<br \/>\nDie Gesamtsch\u00fclerzahl umfasst nun 156 Sch\u00fcler in vier Klassen. Auch der Kollegenkreis wird erweitert. Der erste Hausmeister der Schule wird Herr Kals, der sein Amt bis 1971 innehaben wird.<\/p>\n<\/div>\n<h3 class=\"ui-accordion-header\"><span class=\"ui-icon\">\u00a0<\/span><a href=\"#\">1962<\/a><\/h3>\n<div class=\"ui-accordion-content\">\n<p>Das neue Schulgeb\u00e4ude wird eingeweiht.<\/p>\n<\/div>\n<h3 class=\"ui-accordion-header\"><a href=\"#\">1963<\/a><\/h3>\n<div class=\"ui-accordion-content\">\n<p>Die ersten Realschulabsolventen werden verabschiedet.<br \/>\nDer bisherige kommissarische Schulleiter, Engelbert Hoppe, wird zum<br \/>\nRealschuldirektor ernannt.<br \/>\nDie Realschule Patternhof wird Ausbildungsschule f\u00fcr Lehramtsanw\u00e4rterInnen.<\/p>\n<\/div>\n<h3 class=\"ui-accordion-header\"><span class=\"ui-icon\">\u00a0<\/span><a href=\"#\">1965<\/a><\/h3>\n<div class=\"ui-accordion-content\">\n<p>Erstmalig wir die Realschule Patternhof zweiz\u00fcgig.<\/p>\n<\/div>\n<h3 class=\"ui-accordion-header\"><span class=\"ui-icon\">\u00a0<\/span><a href=\"#\">1667<\/a><\/h3>\n<div class=\"ui-accordion-content\">\n<p>Frau T\u00f6ll tritt ihr Amt als Schulsekret\u00e4rin an.<\/p>\n<\/div>\n<h3 class=\"ui-accordion-header\"><span class=\"ui-icon\">\u00a0<\/span><a href=\"#\">1669<\/a><\/h3>\n<div class=\"ui-accordion-content\">\n<p>Die Erweiterung des Schulgeb\u00e4udes um acht neue R\u00e4ume \u2013 sechs Klassenr\u00e4ume, ein Musikraum, ein Sprachlabor mit 35 Laborpl\u00e4tzen \u2013 wird abgeschlossen. Auch das Wandmosaik im Foyer wird fertig gestellt: f\u00fcr Entwurf und Ausf\u00fchrung zeichnet Jupp Kuckartz, Maler, Graphiker und Kunsterzieher an der Realschule Patternhof, verantwortlich; das Motiv des Hahns erinnert an die ehemalige Nutzung des Patternhofs als landwirtschaftliches Gut, soll aber auch einen fr\u00f6hlichen Tagesbeginn symbolisieren.<\/p>\n<\/div>\n<h3 class=\"ui-accordion-header\"><span class=\"ui-icon\">\u00a0<\/span><a href=\"#\">1969<\/a><\/h3>\n<div class=\"ui-accordion-content\">\n<p>Erstmals k\u00f6nnen die Sch\u00fclerInnen der Klasse 7 zwischen den F\u00e4chern Franz\u00f6sisch und Sozialkunde w\u00e4hlen.<\/p>\n<\/div>\n<h3 class=\"ui-accordion-header\"><span class=\"ui-icon\">\u00a0<\/span><a href=\"#\">1970<\/a><\/h3>\n<div class=\"ui-accordion-content\">\n<p>Die Aula wird fertig gestellt.<\/p>\n<\/div>\n<h3 class=\"ui-accordion-header\"><span class=\"ui-icon\">\u00a0<\/span><a href=\"#\">1971<\/a><\/h3>\n<div class=\"ui-accordion-content\">\n<p>Die Stadt Eschweiler wird Schultr\u00e4ger der Realschule Patternhof.<br \/>\nHerr Bauer wird der neue Hausmeister der Schule.<\/p>\n<\/div>\n<h3 class=\"ui-accordion-header\"><span class=\"ui-icon\">\u00a0<\/span><a href=\"#\">1967-1997<\/a><\/h3>\n<div class=\"ui-accordion-content\">\n<p>In diesem Zeitraum entwickelt sich die Realschule Patternhof geradezu<br \/>\nexplosionsartig, wie ein Vergleich zeigt:<br \/>\nIm Schuljahr 1967\/68 umfasst die Schule 294 Sch\u00fcler in 10 Klassen sowie 10\u00a0 hauptamtliche und 5 nebenamtliche Lehrkr\u00e4fte, im Schuljahr 1977\/78 548 Sch\u00fcler in 18 Klassen sowie19 hauptamtliche und 5 nebenamtliche Lehrkr\u00e4fte.<\/p>\n<\/div>\n<h3 class=\"ui-accordion-header\"><span class=\"ui-icon\">\u00a0<\/span><a href=\"#\">1976<\/a><\/h3>\n<div class=\"ui-accordion-content\">\n<p>Die Handballer der Realschule Patternhof werden Kreismeister in der B-Jugendklasse \u2013 dieser Erfolg sei nur stellvertretend f\u00fcr viele weitere sportliche Siege in den kommenden Jahren erw\u00e4hnt!<\/p>\n<\/div>\n<h3 class=\"ui-accordion-header\"><span class=\"ui-icon\">\u00a0<\/span><a href=\"#\">1977<\/a><\/h3>\n<div class=\"ui-accordion-content\">\n<p>An der Realschule Patternhof wird die Koedukation eingef\u00fchrt.<br \/>\nGleichzeitig gibt es f\u00fcr die Sch\u00fclerInnen der Klasse 8 erstmalig die M\u00f6glichkeit, sich f\u00fcr einen von vier Differenzierungsschwerpunkten zu entscheiden. Angeboten werden ein fremdsprachlicher, ein mathematisch-naturwissenschaftlicher, ein sozialkundlicher sowie ein musisch-k\u00fcnstlerischer Zweig.<\/p>\n<\/div>\n<h3 class=\"ui-accordion-header\"><span class=\"ui-icon\">\u00a0<\/span><a href=\"#\">1979<\/a><\/h3>\n<div class=\"ui-accordion-content\">\n<p>Frau Leuchtner wird Schulsekret\u00e4rin.<\/p>\n<\/div>\n<h3 class=\"ui-accordion-header\"><span class=\"ui-icon\">\u00a0<\/span><a href=\"#\">1981<\/a><\/h3>\n<div class=\"ui-accordion-content\">\n<p>Das Kollegium wird durch 5 neue Kolleginnen und Kollegen verst\u00e4rkt.<\/p>\n<\/div>\n<h3 class=\"ui-accordion-header\"><span class=\"ui-icon\">\u00a0<\/span><a href=\"#\">1985<\/a><\/h3>\n<div class=\"ui-accordion-content\">\n<p>Erstmalig wird das Fach Informatik, zun\u00e4chst als Arbeitsgemeinschaft, angeboten.<\/p>\n<\/div>\n<h3 class=\"ui-accordion-header\"><span class=\"ui-icon\">\u00a0<\/span><a href=\"#\">1987<\/a><\/h3>\n<div class=\"ui-accordion-content\">\n<p>Zur finanziellen Unterst\u00fctzung der schulischen Arbeit wird der Verein der Freunde und F\u00f6rderer der St\u00e4dtischen Realschule Patternhof Eschweiler e.V. gegr\u00fcndet.<\/p>\n<\/div>\n<h3 class=\"ui-accordion-header\"><span class=\"ui-icon\">\u00a0<\/span><a href=\"#\">1988<\/a><\/h3>\n<div class=\"ui-accordion-content\">\n<p>Bereits nach einem Jahr umfasst der F\u00f6rderverein mehr als 200 Mitglieder.<br \/>\nHerr Kutsch ist ab diesem Jahr f\u00fcr das Geb\u00e4udemanagement der Schule<br \/>\nzust\u00e4ndig.<\/p>\n<\/div>\n<h3 class=\"ui-accordion-header\"><span class=\"ui-icon\">\u00a0<\/span><a href=\"#\">1989<\/a><\/h3>\n<div class=\"ui-accordion-content\">\n<p>Realschuldirektor Engelbert Hoppe und Konrektor Willi Bizan gehen in den<br \/>\nwohlverdienten Ruhestand; ihre Nachfolger werden Johannes Stegerh\u00fctte als Schulleiter und Manfred Schwane als Konrektor.<br \/>\nFrau Caster l\u00f6st Frau Leuchtner als Schulsekret\u00e4rin ab.<\/p>\n<\/div>\n<h3 class=\"ui-accordion-header\"><span class=\"ui-icon\">\u00a0<\/span><a href=\"#\">1990<\/a><\/h3>\n<div class=\"ui-accordion-content\">\n<p>Das Fach Informatik wird erstmals als Neigungsschwerpunkt, und damit als Hauptfach, angeboten.<\/p>\n<\/div>\n<h3 class=\"ui-accordion-header\"><span class=\"ui-icon\">\u00a0<\/span><a href=\"#\">1991<\/a><\/h3>\n<div class=\"ui-accordion-content\">\n<p>Erstmalig erscheint eine Sch\u00fclerzeitung, die in einer Projektwoche gestaltet wurde.<\/p>\n<\/div>\n<h3 class=\"ui-accordion-header\"><span class=\"ui-icon\">\u00a0<\/span><a href=\"#\">1993<\/a><\/h3>\n<div class=\"ui-accordion-content\">\n<p>Manfred Schwane tritt die Nachfolge von Johannes Stegerh\u00fctte an, der zur<br \/>\nBezirksregierung wechselt und in seiner Funktion als Regierungsdezernent der Realschule Patternhof verbunden bleibt.<br \/>\nDie Realschule erh\u00e4lt einen Erweiterungsbau, um der st\u00e4ndig wachsenden Sch\u00fclerzahl gerecht zu werden; es entstehen zw\u00f6lf neue Klassenr\u00e4ume sowie Fachr\u00e4ume f\u00fcr Informatik, Meditation, Technik, Chemie und Physik, au\u00dferdem ein Klassenarbeitsraum. Auch das Lehrerkollegium freut sich \u00fcber ein neues, gro\u00dfz\u00fcgiges Lehrerzimmer.<br \/>\nDie Sch\u00fclerzahl ist inzwischen auf 663 Sch\u00fclerInnnen angestiegen.<\/p>\n<\/div>\n<h3 class=\"ui-accordion-header\"><span class=\"ui-icon\">\u00a0<\/span><a href=\"#\">1995<\/a><\/h3>\n<div class=\"ui-accordion-content\">\n<p>Der innere Schulhof wird neu gestaltet: es werden Sitzgelegenheiten und<br \/>\nverschiedene Spielm\u00f6glichkeiten geschaffen.<\/p>\n<\/div>\n<h3 class=\"ui-accordion-header\"><span class=\"ui-icon\">\u00a0<\/span><a href=\"#\">1996<\/a><\/h3>\n<div class=\"ui-accordion-content\">\n<p>G\u00fcnther Busch tritt sein Amt als 1. Konrektor an; gleichzeitig wird G\u00fcnter Erkens zum 2. Konrektor ernannt.<br \/>\nDie Klasse 8c legt im Rahmen des Biologie-Unterrichts ein Feuchtbiotop an, das uns auch heute noch erfreut.<\/p>\n<\/div>\n<h3 class=\"ui-accordion-header\"><span class=\"ui-icon\">\u00a0<\/span><a href=\"#\">1997<\/a><\/h3>\n<div class=\"ui-accordion-content\">\n<p>Eine Sch\u00fclerbibliothek wird eingerichtet.<br \/>\nEs wird eine Arbeitsgemeinschaft &#8222;Journalismus&#8220; gebildet, die ab jetzt regelm\u00e4\u00dfig eine Sch\u00fclerzeitung, die &#8222;Patternpost&#8220;, herausgibt.<\/p>\n<\/div>\n<h3 class=\"ui-accordion-header\"><span class=\"ui-icon\">\u00a0<\/span><a href=\"#\">2001<\/a><\/h3>\n<div class=\"ui-accordion-content\">\n<p>Frau Sch\u00fcller-H\u00fcndgen wird neue Schulsekret\u00e4rin.<\/p>\n<\/div>\n<h3 class=\"ui-accordion-header\"><span class=\"ui-icon\">\u00a0<\/span><a href=\"#\">2002<\/a><\/h3>\n<div class=\"ui-accordion-content\">\n<p>Der neue Verwaltungstrakt wird nach einj\u00e4hriger Bauzeit eingeweiht.<\/p>\n<\/div>\n<h3 class=\"ui-accordion-header\"><span class=\"ui-icon\">\u00a0<\/span><a href=\"#\">2003<\/a><\/h3>\n<div class=\"ui-accordion-content\">\n<p>Zu Beginn dieses Schuljahres besuchen zum ersten Mal mehr als tausend<br \/>\nSch\u00fclerInnen die Realschule Patternhof.<\/p>\n<\/div>\n<h3 class=\"ui-accordion-header\"><span class=\"ui-icon\">\u00a0<\/span><a href=\"#\">2006<\/a><\/h3>\n<div class=\"ui-accordion-content\">\n<p>Der Schultr\u00e4ger schafft f\u00fcr die Realschule eine Vollzeitstelle f\u00fcr eine<br \/>\nSozialp\u00e4dagogin: Frau Sygulla \u00fcbernimmt vor allem eine psychosoziale Betreuung der Sch\u00fclerInnen, wird aber in anderen Bereichen beratend f\u00fcr die Sch\u00fclerInnen t\u00e4tig.<br \/>\nDie B-Jugend-Fu\u00dfballer werden Kreismeister. Die C-Jugend gewinnt sogar die Bezirksmeisterschaft und nimmt am Turnier um die Landesmeisterschaft in Iserlohn teil.<br \/>\nDie Jungen kommen als f\u00fcnftbeste Mannschaft in NRW zur\u00fcck.<\/p>\n<\/div>\n<\/div>\n","protected":false},"excerpt":{"rendered":"<p>Hier k\u00f6nnen Sie verfolgen, was sich in den Jahren 1956 bis 2003 an der Realschule Patternhof ereignet hat. \u00a01956 Die Mitglieder des Realschulzweckverbandes beschlie\u00dfen den Aufbau einer Realschule f\u00fcr Jungen [&hellip;]<\/p>\n","protected":false},"author":6,"featured_media":0,"parent":0,"menu_order":0,"comment_status":"closed","ping_status":"closed","template":"","meta":{"_eb_attr":"","footnotes":""},"class_list":["post-72","page","type-page","status-publish","hentry"],"yoast_head":"<!-- This site is optimized with the Yoast SEO plugin v27.3 - https:\/\/yoast.com\/product\/yoast-seo-wordpress\/ -->\n<title>Schulchronik (1956-2003) | RSP<\/title>\n<meta name=\"robots\" content=\"index, follow, max-snippet:-1, max-image-preview:large, max-video-preview:-1\" \/>\n<link rel=\"canonical\" href=\"https:\/\/patternhof.de\/?page_id=72\" \/>\n<meta property=\"og:locale\" content=\"de_DE\" \/>\n<meta property=\"og:type\" content=\"article\" \/>\n<meta property=\"og:title\" content=\"Schulchronik (1956-2003) | RSP\" \/>\n<meta property=\"og:description\" content=\"Hier k\u00f6nnen Sie verfolgen, was sich in den Jahren 1956 bis 2003 an der Realschule Patternhof ereignet hat. \u00a01956 Die Mitglieder des Realschulzweckverbandes beschlie\u00dfen den Aufbau einer Realschule f\u00fcr Jungen [&hellip;]\" \/>\n<meta property=\"og:url\" content=\"https:\/\/patternhof.de\/?page_id=72\" \/>\n<meta property=\"og:site_name\" content=\"RSP\" \/>\n<meta property=\"article:modified_time\" content=\"2020-11-21T14:48:00+00:00\" \/>\n<meta property=\"og:image\" content=\"http:\/\/patternhof.de\/wp-content\/uploads\/2020\/11\/Schulchronik-240x300.jpg\" \/>\n<meta name=\"twitter:card\" content=\"summary_large_image\" \/>\n<meta name=\"twitter:label1\" content=\"Gesch\u00e4tzte Lesezeit\" \/>\n\t<meta name=\"twitter:data1\" content=\"4\u00a0Minuten\" \/>\n<script type=\"application\/ld+json\" class=\"yoast-schema-graph\">{\"@context\":\"https:\\\/\\\/schema.org\",\"@graph\":[{\"@type\":\"WebPage\",\"@id\":\"https:\\\/\\\/patternhof.de\\\/?page_id=72\",\"url\":\"https:\\\/\\\/patternhof.de\\\/?page_id=72\",\"name\":\"Schulchronik (1956-2003) | RSP\",\"isPartOf\":{\"@id\":\"https:\\\/\\\/patternhof.de\\\/#website\"},\"primaryImageOfPage\":{\"@id\":\"https:\\\/\\\/patternhof.de\\\/?page_id=72#primaryimage\"},\"image\":{\"@id\":\"https:\\\/\\\/patternhof.de\\\/?page_id=72#primaryimage\"},\"thumbnailUrl\":\"http:\\\/\\\/patternhof.de\\\/wp-content\\\/uploads\\\/2020\\\/11\\\/Schulchronik-240x300.jpg\",\"datePublished\":\"2011-12-11T15:32:46+00:00\",\"dateModified\":\"2020-11-21T14:48:00+00:00\",\"breadcrumb\":{\"@id\":\"https:\\\/\\\/patternhof.de\\\/?page_id=72#breadcrumb\"},\"inLanguage\":\"de\",\"potentialAction\":[{\"@type\":\"ReadAction\",\"target\":[\"https:\\\/\\\/patternhof.de\\\/?page_id=72\"]}]},{\"@type\":\"ImageObject\",\"inLanguage\":\"de\",\"@id\":\"https:\\\/\\\/patternhof.de\\\/?page_id=72#primaryimage\",\"url\":\"https:\\\/\\\/i0.wp.com\\\/patternhof.de\\\/wp-content\\\/uploads\\\/2020\\\/11\\\/Schulchronik.jpg?fit=750%2C936&ssl=1\",\"contentUrl\":\"https:\\\/\\\/i0.wp.com\\\/patternhof.de\\\/wp-content\\\/uploads\\\/2020\\\/11\\\/Schulchronik.jpg?fit=750%2C936&ssl=1\",\"width\":750,\"height\":936},{\"@type\":\"BreadcrumbList\",\"@id\":\"https:\\\/\\\/patternhof.de\\\/?page_id=72#breadcrumb\",\"itemListElement\":[{\"@type\":\"ListItem\",\"position\":1,\"name\":\"Startseite\",\"item\":\"https:\\\/\\\/patternhof.de\\\/\"},{\"@type\":\"ListItem\",\"position\":2,\"name\":\"Schulchronik (1956-2003)\"}]},{\"@type\":\"WebSite\",\"@id\":\"https:\\\/\\\/patternhof.de\\\/#website\",\"url\":\"https:\\\/\\\/patternhof.de\\\/\",\"name\":\"RSP\",\"description\":\"Realschule Patternhof\",\"publisher\":{\"@id\":\"https:\\\/\\\/patternhof.de\\\/#organization\"},\"potentialAction\":[{\"@type\":\"SearchAction\",\"target\":{\"@type\":\"EntryPoint\",\"urlTemplate\":\"https:\\\/\\\/patternhof.de\\\/?s={search_term_string}\"},\"query-input\":{\"@type\":\"PropertyValueSpecification\",\"valueRequired\":true,\"valueName\":\"search_term_string\"}}],\"inLanguage\":\"de\"},{\"@type\":\"Organization\",\"@id\":\"https:\\\/\\\/patternhof.de\\\/#organization\",\"name\":\"RSP\",\"url\":\"https:\\\/\\\/patternhof.de\\\/\",\"logo\":{\"@type\":\"ImageObject\",\"inLanguage\":\"de\",\"@id\":\"https:\\\/\\\/patternhof.de\\\/#\\\/schema\\\/logo\\\/image\\\/\",\"url\":\"https:\\\/\\\/i0.wp.com\\\/patternhof.de\\\/wp-content\\\/uploads\\\/2024\\\/11\\\/cropped-462d7d81-a052-4d12-af5f-728c2558fd5b.png?fit=1975%2C890&ssl=1\",\"contentUrl\":\"https:\\\/\\\/i0.wp.com\\\/patternhof.de\\\/wp-content\\\/uploads\\\/2024\\\/11\\\/cropped-462d7d81-a052-4d12-af5f-728c2558fd5b.png?fit=1975%2C890&ssl=1\",\"width\":1975,\"height\":890,\"caption\":\"RSP\"},\"image\":{\"@id\":\"https:\\\/\\\/patternhof.de\\\/#\\\/schema\\\/logo\\\/image\\\/\"}}]}<\/script>\n<!-- \/ Yoast SEO plugin. -->","yoast_head_json":{"title":"Schulchronik (1956-2003) | RSP","robots":{"index":"index","follow":"follow","max-snippet":"max-snippet:-1","max-image-preview":"max-image-preview:large","max-video-preview":"max-video-preview:-1"},"canonical":"https:\/\/patternhof.de\/?page_id=72","og_locale":"de_DE","og_type":"article","og_title":"Schulchronik (1956-2003) | RSP","og_description":"Hier k\u00f6nnen Sie verfolgen, was sich in den Jahren 1956 bis 2003 an der Realschule Patternhof ereignet hat. \u00a01956 Die Mitglieder des Realschulzweckverbandes beschlie\u00dfen den Aufbau einer Realschule f\u00fcr Jungen [&hellip;]","og_url":"https:\/\/patternhof.de\/?page_id=72","og_site_name":"RSP","article_modified_time":"2020-11-21T14:48:00+00:00","og_image":[{"url":"http:\/\/patternhof.de\/wp-content\/uploads\/2020\/11\/Schulchronik-240x300.jpg","type":"","width":"","height":""}],"twitter_card":"summary_large_image","twitter_misc":{"Gesch\u00e4tzte Lesezeit":"4\u00a0Minuten"},"schema":{"@context":"https:\/\/schema.org","@graph":[{"@type":"WebPage","@id":"https:\/\/patternhof.de\/?page_id=72","url":"https:\/\/patternhof.de\/?page_id=72","name":"Schulchronik (1956-2003) | RSP","isPartOf":{"@id":"https:\/\/patternhof.de\/#website"},"primaryImageOfPage":{"@id":"https:\/\/patternhof.de\/?page_id=72#primaryimage"},"image":{"@id":"https:\/\/patternhof.de\/?page_id=72#primaryimage"},"thumbnailUrl":"http:\/\/patternhof.de\/wp-content\/uploads\/2020\/11\/Schulchronik-240x300.jpg","datePublished":"2011-12-11T15:32:46+00:00","dateModified":"2020-11-21T14:48:00+00:00","breadcrumb":{"@id":"https:\/\/patternhof.de\/?page_id=72#breadcrumb"},"inLanguage":"de","potentialAction":[{"@type":"ReadAction","target":["https:\/\/patternhof.de\/?page_id=72"]}]},{"@type":"ImageObject","inLanguage":"de","@id":"https:\/\/patternhof.de\/?page_id=72#primaryimage","url":"https:\/\/i0.wp.com\/patternhof.de\/wp-content\/uploads\/2020\/11\/Schulchronik.jpg?fit=750%2C936&ssl=1","contentUrl":"https:\/\/i0.wp.com\/patternhof.de\/wp-content\/uploads\/2020\/11\/Schulchronik.jpg?fit=750%2C936&ssl=1","width":750,"height":936},{"@type":"BreadcrumbList","@id":"https:\/\/patternhof.de\/?page_id=72#breadcrumb","itemListElement":[{"@type":"ListItem","position":1,"name":"Startseite","item":"https:\/\/patternhof.de\/"},{"@type":"ListItem","position":2,"name":"Schulchronik (1956-2003)"}]},{"@type":"WebSite","@id":"https:\/\/patternhof.de\/#website","url":"https:\/\/patternhof.de\/","name":"RSP","description":"Realschule Patternhof","publisher":{"@id":"https:\/\/patternhof.de\/#organization"},"potentialAction":[{"@type":"SearchAction","target":{"@type":"EntryPoint","urlTemplate":"https:\/\/patternhof.de\/?s={search_term_string}"},"query-input":{"@type":"PropertyValueSpecification","valueRequired":true,"valueName":"search_term_string"}}],"inLanguage":"de"},{"@type":"Organization","@id":"https:\/\/patternhof.de\/#organization","name":"RSP","url":"https:\/\/patternhof.de\/","logo":{"@type":"ImageObject","inLanguage":"de","@id":"https:\/\/patternhof.de\/#\/schema\/logo\/image\/","url":"https:\/\/i0.wp.com\/patternhof.de\/wp-content\/uploads\/2024\/11\/cropped-462d7d81-a052-4d12-af5f-728c2558fd5b.png?fit=1975%2C890&ssl=1","contentUrl":"https:\/\/i0.wp.com\/patternhof.de\/wp-content\/uploads\/2024\/11\/cropped-462d7d81-a052-4d12-af5f-728c2558fd5b.png?fit=1975%2C890&ssl=1","width":1975,"height":890,"caption":"RSP"},"image":{"@id":"https:\/\/patternhof.de\/#\/schema\/logo\/image\/"}}]}},"jetpack_sharing_enabled":true,"_links":{"self":[{"href":"https:\/\/patternhof.de\/index.php?rest_route=\/wp\/v2\/pages\/72","targetHints":{"allow":["GET"]}}],"collection":[{"href":"https:\/\/patternhof.de\/index.php?rest_route=\/wp\/v2\/pages"}],"about":[{"href":"https:\/\/patternhof.de\/index.php?rest_route=\/wp\/v2\/types\/page"}],"author":[{"embeddable":true,"href":"https:\/\/patternhof.de\/index.php?rest_route=\/wp\/v2\/users\/6"}],"replies":[{"embeddable":true,"href":"https:\/\/patternhof.de\/index.php?rest_route=%2Fwp%2Fv2%2Fcomments&post=72"}],"version-history":[{"count":2,"href":"https:\/\/patternhof.de\/index.php?rest_route=\/wp\/v2\/pages\/72\/revisions"}],"predecessor-version":[{"id":6021,"href":"https:\/\/patternhof.de\/index.php?rest_route=\/wp\/v2\/pages\/72\/revisions\/6021"}],"wp:attachment":[{"href":"https:\/\/patternhof.de\/index.php?rest_route=%2Fwp%2Fv2%2Fmedia&parent=72"}],"curies":[{"name":"wp","href":"https:\/\/api.w.org\/{rel}","templated":true}]}}