{"id":2238,"date":"2016-01-31T12:59:13","date_gmt":"2016-01-31T11:59:13","guid":{"rendered":"http:\/\/rs-patternhof.de\/?page_id=2238"},"modified":"2024-11-23T17:25:57","modified_gmt":"2024-11-23T16:25:57","slug":"inklusion","status":"publish","type":"page","link":"https:\/\/patternhof.de\/?page_id=2238","title":{"rendered":"Inklusion"},"content":{"rendered":"\t\t<div data-elementor-type=\"wp-page\" data-elementor-id=\"2238\" class=\"elementor elementor-2238\">\n\t\t\t\t\t\t<section class=\"elementor-section elementor-top-section elementor-element elementor-element-1812424 elementor-section-boxed elementor-section-height-default elementor-section-height-default\" data-id=\"1812424\" data-element_type=\"section\">\n\t\t\t\t\t\t<div class=\"elementor-container elementor-column-gap-default\">\n\t\t\t\t\t<div class=\"elementor-column elementor-col-25 elementor-top-column elementor-element elementor-element-f761e9a\" data-id=\"f761e9a\" data-element_type=\"column\">\n\t\t\t<div class=\"elementor-widget-wrap elementor-element-populated\">\n\t\t\t\t\t\t<div class=\"elementor-element elementor-element-e0a8f87 elementor-view-default elementor-widget elementor-widget-icon\" data-id=\"e0a8f87\" data-element_type=\"widget\" data-widget_type=\"icon.default\">\n\t\t\t\t<div class=\"elementor-widget-container\">\n\t\t\t\t\t<div class=\"elementor-icon-wrapper\">\n\t\t\t<a class=\"elementor-icon elementor-animation-pop\" href=\"http:\/\/patternhof.de\">\n\t\t\t<i aria-hidden=\"true\" class=\"fas fa-home\"><\/i>\t\t\t<\/a>\n\t\t<\/div>\n\t\t\t\t<\/div>\n\t\t\t\t<\/div>\n\t\t\t\t\t<\/div>\n\t\t<\/div>\n\t\t\t\t<div class=\"elementor-column elementor-col-25 elementor-top-column elementor-element elementor-element-7c44252\" data-id=\"7c44252\" data-element_type=\"column\">\n\t\t\t<div class=\"elementor-widget-wrap\">\n\t\t\t\t\t\t\t<\/div>\n\t\t<\/div>\n\t\t\t\t<div class=\"elementor-column elementor-col-25 elementor-top-column elementor-element elementor-element-c5d8f09\" data-id=\"c5d8f09\" data-element_type=\"column\">\n\t\t\t<div class=\"elementor-widget-wrap elementor-element-populated\">\n\t\t\t\t\t\t<div class=\"elementor-element elementor-element-b71a5fa elementor-align-justify elementor-widget elementor-widget-button\" data-id=\"b71a5fa\" data-element_type=\"widget\" data-widget_type=\"button.default\">\n\t\t\t\t<div class=\"elementor-widget-container\">\n\t\t\t\t\t<div class=\"elementor-button-wrapper\">\n\t\t\t<a class=\"elementor-button elementor-button-link elementor-size-sm\" href=\"https:\/\/patternhof.de\/?page_id=6486\">\n\t\t\t\t\t\t<span class=\"elementor-button-content-wrapper\">\n\t\t\t\t\t\t\t\t\t<span class=\"elementor-button-text\">Lernbegleiter<\/span>\n\t\t\t\t\t<\/span>\n\t\t\t\t\t<\/a>\n\t\t<\/div>\n\t\t\t\t<\/div>\n\t\t\t\t<\/div>\n\t\t\t\t\t<\/div>\n\t\t<\/div>\n\t\t\t\t<div class=\"elementor-column elementor-col-25 elementor-top-column elementor-element elementor-element-ecb906a\" data-id=\"ecb906a\" data-element_type=\"column\">\n\t\t\t<div class=\"elementor-widget-wrap elementor-element-populated\">\n\t\t\t\t\t\t<div class=\"elementor-element elementor-element-3bb12a9 elementor-align-justify elementor-widget elementor-widget-button\" data-id=\"3bb12a9\" data-element_type=\"widget\" data-widget_type=\"button.default\">\n\t\t\t\t<div class=\"elementor-widget-container\">\n\t\t\t\t\t<div class=\"elementor-button-wrapper\">\n\t\t\t<a class=\"elementor-button elementor-button-link elementor-size-sm\" href=\"https:\/\/patternhof.de\/?page_id=168\">\n\t\t\t\t\t\t<span class=\"elementor-button-content-wrapper\">\n\t\t\t\t\t\t\t\t\t<span class=\"elementor-button-text\">Lernen lernen<\/span>\n\t\t\t\t\t<\/span>\n\t\t\t\t\t<\/a>\n\t\t<\/div>\n\t\t\t\t<\/div>\n\t\t\t\t<\/div>\n\t\t\t\t\t<\/div>\n\t\t<\/div>\n\t\t\t\t\t<\/div>\n\t\t<\/section>\n\t\t\t\t<section class=\"elementor-section elementor-top-section elementor-element elementor-element-832401c elementor-section-boxed elementor-section-height-default elementor-section-height-default\" data-id=\"832401c\" data-element_type=\"section\">\n\t\t\t\t\t\t<div class=\"elementor-container elementor-column-gap-default\">\n\t\t\t\t\t<div class=\"elementor-column elementor-col-100 elementor-top-column elementor-element elementor-element-eb75523\" data-id=\"eb75523\" data-element_type=\"column\">\n\t\t\t<div class=\"elementor-widget-wrap elementor-element-populated\">\n\t\t\t\t\t\t<div class=\"elementor-element elementor-element-7c0860b elementor-widget elementor-widget-image\" data-id=\"7c0860b\" data-element_type=\"widget\" data-widget_type=\"image.default\">\n\t\t\t\t<div class=\"elementor-widget-container\">\n\t\t\t<style>\/*! elementor - v3.22.0 - 17-06-2024 *\/\n.elementor-widget-image{text-align:center}.elementor-widget-image a{display:inline-block}.elementor-widget-image a img[src$=\".svg\"]{width:48px}.elementor-widget-image img{vertical-align:middle;display:inline-block}<\/style>\t\t\t\t\t\t\t\t\t\t<img fetchpriority=\"high\" decoding=\"async\" width=\"1024\" height=\"536\" src=\"https:\/\/i0.wp.com\/patternhof.de\/wp-content\/uploads\/2020\/11\/Leitbild.jpg?fit=1024%2C536&amp;ssl=1\" class=\"attachment-large size-large wp-image-5986\" alt=\"\" srcset=\"https:\/\/i0.wp.com\/patternhof.de\/wp-content\/uploads\/2020\/11\/Leitbild.jpg?w=1781&amp;ssl=1 1781w, https:\/\/i0.wp.com\/patternhof.de\/wp-content\/uploads\/2020\/11\/Leitbild.jpg?resize=300%2C157&amp;ssl=1 300w, https:\/\/i0.wp.com\/patternhof.de\/wp-content\/uploads\/2020\/11\/Leitbild.jpg?resize=1024%2C536&amp;ssl=1 1024w, https:\/\/i0.wp.com\/patternhof.de\/wp-content\/uploads\/2020\/11\/Leitbild.jpg?resize=768%2C402&amp;ssl=1 768w, https:\/\/i0.wp.com\/patternhof.de\/wp-content\/uploads\/2020\/11\/Leitbild.jpg?resize=1536%2C805&amp;ssl=1 1536w\" sizes=\"(max-width: 1000px) 100vw, 1000px\" \/>\t\t\t\t\t\t\t\t\t\t\t\t\t<\/div>\n\t\t\t\t<\/div>\n\t\t\t\t\t<\/div>\n\t\t<\/div>\n\t\t\t\t\t<\/div>\n\t\t<\/section>\n\t\t\t\t<section class=\"elementor-section elementor-top-section elementor-element elementor-element-59d35dde elementor-section-boxed elementor-section-height-default elementor-section-height-default\" data-id=\"59d35dde\" data-element_type=\"section\">\n\t\t\t\t\t\t<div class=\"elementor-container elementor-column-gap-default\">\n\t\t\t\t\t<div class=\"elementor-column elementor-col-100 elementor-top-column elementor-element elementor-element-3221adb2\" data-id=\"3221adb2\" data-element_type=\"column\">\n\t\t\t<div class=\"elementor-widget-wrap elementor-element-populated\">\n\t\t\t\t\t\t<div class=\"elementor-element elementor-element-22522e0c elementor-widget elementor-widget-text-editor\" data-id=\"22522e0c\" data-element_type=\"widget\" data-widget_type=\"text-editor.default\">\n\t\t\t\t<div class=\"elementor-widget-container\">\n\t\t\t<style>\/*! elementor - v3.22.0 - 17-06-2024 *\/\n.elementor-widget-text-editor.elementor-drop-cap-view-stacked .elementor-drop-cap{background-color:#69727d;color:#fff}.elementor-widget-text-editor.elementor-drop-cap-view-framed .elementor-drop-cap{color:#69727d;border:3px solid;background-color:transparent}.elementor-widget-text-editor:not(.elementor-drop-cap-view-default) .elementor-drop-cap{margin-top:8px}.elementor-widget-text-editor:not(.elementor-drop-cap-view-default) .elementor-drop-cap-letter{width:1em;height:1em}.elementor-widget-text-editor .elementor-drop-cap{float:left;text-align:center;line-height:1;font-size:50px}.elementor-widget-text-editor .elementor-drop-cap-letter{display:inline-block}<\/style>\t\t\t\t<!-- wp:image {\"align\":\"center\",\"id\":6062,\"width\":396,\"height\":263,\"sizeSlug\":\"large\"} -->\n<h1 align=\"CENTER\"><span style=\"font-size: x-large;\"><span style=\"text-decoration: underline;\"><strong>Praxisleitfaden zur Umsetzung der Inklusion an der Realschule Patternhof<\/strong><\/span><\/span><span style=\"font-weight: 300;\">\u00a0<\/span><\/h1>\n<p align=\"LEFT\"><span style=\"font-size: large;\">Seit dem Schuljahr 2012\/13 arbeitet die Realschule Patternhof (RSP) im Rahmen der Inklusion mit Sch\u00fclern, die sonderp\u00e4dagogischen Unterst\u00fctzungsbedarf haben. Die tiefgreifenden Ver\u00e4nderungen f\u00fcr das Regelschulsystem, die dadurch entstehen, brauchen Strukturen und Systematik.<\/span><\/p>\n<h4 style=\"text-align: center;\"><span style=\"font-size: large;\">Austausch, Beratung und Konzeptentwicklung<\/span><\/h4>\n<ul>\n<li>\n<p align=\"LEFT\"><span style=\"font-size: medium;\">Regelm\u00e4\u00dfige GL-Treffen der Sonderp\u00e4dagogen, die im GL an einer Regelschule arbeiten mit P\u00e4dagogen der F\u00f6rderschule Austausch und Beratung<\/span><\/p>\n<\/li>\n<li>\n<p align=\"LEFT\"><span style=\"font-size: medium;\">Regelm\u00e4\u00dfiger Austausch aller Schulleitungen und der Schulamtsleiterin an einem Runden Tisch<\/span><\/p>\n<\/li>\n<li>\n<p align=\"LEFT\"><span style=\"font-size: medium;\">Regelm\u00e4\u00dfige Fachsitzungen der Sonderp\u00e4dagogen mit der Schulleitung an der RSP<\/span><\/p>\n<\/li>\n<li>\n<p align=\"LEFT\"><span style=\"font-size: medium;\">W\u00f6chentlich stattfindende Teamgespr\u00e4che der Sonderp\u00e4dagogen an der RSP: Konzeptentwicklung, Evaluation, Beratung<\/span><\/p>\n<\/li>\n<li>\n<p align=\"LEFT\"><span style=\"font-size: medium;\">Monatlich stattfindende Team-Sitzungen in den Klassen mit GL-Sch\u00fclern<\/span><\/p>\n<\/li>\n<li>\n<p align=\"LEFT\"><span style=\"font-size: medium;\">Teilnahme an Fortbildungsveranstaltungen, die sich mit der Umsetzung der Inklusion besch\u00e4ftigen<\/span><\/p>\n<\/li>\n<li>\n<p align=\"LEFT\"><span style=\"font-size: medium;\">Kompetenzteam Aachen \u2013 Inanspruchnahme von Beratung zur Konzeptentwicklung<\/span><\/p>\n<\/li>\n<li>\n<p align=\"LEFT\"><span style=\"font-size: medium;\">Teilnahme an den regional stattfindenden Angeboten der St\u00e4dteregion<\/span><\/p>\n<\/li>\n<li>\n<p align=\"LEFT\"><span style=\"font-size: medium;\">Einrichtung einer Gruppe \u201eInklusion an der Realschule Patternhof\u201c, bestehend aus Sonderp\u00e4dagogen und Regelschullehrern, die sich konkret mit der Umsetzung an dieser Schule besch\u00e4ftigt<\/span><\/p>\n<\/li>\n<li>\n<p align=\"LEFT\"><span style=\"font-size: medium;\">Entwicklung eines Leitbildes mit Zielbildung<\/span><\/p>\n<\/li>\n<li>\n<p align=\"LEFT\"><span style=\"font-size: medium;\">Austausch mit anderen Schulen, gegenseitige Hospitationen<\/span><\/p>\n<\/li>\n<li>\n<p align=\"LEFT\"><span style=\"font-size: medium;\">Arbeit mit dem Index f\u00fcr Inklusion<\/span><\/p>\n<\/li>\n<li>\n<p align=\"LEFT\"><span style=\"font-size: medium;\">Schulentwicklungsplanung<\/span><\/p>\n<\/li>\n<li>\n<p align=\"LEFT\"><span style=\"font-size: medium;\">Enge Zusammenarbeit mit dem Schulsozialarbeiter<\/span><\/p>\n<\/li>\n<li>\n<p align=\"LEFT\"><span style=\"font-size: medium;\">Kooperation mit dem Jugendamt<\/span><\/p>\n<\/li>\n<\/ul>\n<p align=\"LEFT\"><img decoding=\"async\" data-recalc-dims=\"1\" class=\"wp-image-6057 aligncenter\" src=\"https:\/\/i0.wp.com\/patternhof.de\/wp-content\/uploads\/2020\/11\/Inklusion_Lernbuero.jpg?resize=386%2C276\" alt=\"\" width=\"386\" height=\"276\" \/><\/p>\n<h4 style=\"text-align: center;\" align=\"LEFT\"><span style=\"font-size: large;\">Inklusions-Projekte an der Realschule Patternhof<\/span><\/h4>\n<ul>\n<li>\n<p align=\"LEFT\"><span style=\"font-size: medium;\">Erstellung eines Konzeptes f\u00fcr die berufliche Orientierung der Sch\u00fcler, die nicht zielgleich gef\u00f6rdert werden und einer besonderen Unterst\u00fctzung bed\u00fcrfen. <\/span><\/p>\n<\/li>\n<li>\n<p align=\"LEFT\"><span style=\"font-size: medium;\">Regelm\u00e4\u00dfige Teilnahme eines Sonderp\u00e4dagogen am Qualizirkel<\/span><\/p>\n<\/li>\n<li>\n<p align=\"LEFT\"><span style=\"font-size: medium;\">Zusammenarbeit mit der Agentur f\u00fcr Arbeit<\/span><\/p>\n<\/li>\n<li>\n<p align=\"LEFT\"><span style=\"font-size: medium;\"><span style=\"text-decoration: underline;\">Ab Klasse 7:<\/span> Arbeitslehreunterricht w\u00e4hrend der Differenzierungsstunden<\/span><\/p>\n<\/li>\n<li>\n<p align=\"LEFT\"><span style=\"font-size: medium;\"><span style=\"text-decoration: underline;\">Ab Klasse 8:<\/span> Weiterhin Arbeitslehreunterricht w\u00e4hrend der Differenzierungstunden; Einf\u00fchrung der Arbeit mit den Kompetenzkarten, zur Vorbereitung auf das Praktikum; Einrichtung eines Praxistages f\u00fcr Sch\u00fcler, die einen F\u00f6rderschulabschluss anstreben, Einrichtung eines Hauptschulkurses mit Zusatzunterricht in Deutsch, Mathe und Englisch f\u00fcr die Sch\u00fcler, die einen HS-Abschluss nach Klasse 9 erreichen k\u00f6nnen<\/span><\/p>\n<\/li>\n<li>\n<p align=\"LEFT\"><span style=\"font-size: medium;\">Kooperation mit RWE<\/span><\/p>\n<\/li>\n<li>\n<p align=\"LEFT\"><span style=\"font-size: medium;\">Projekte zur Vorbereitung auf ein selbstbestimmtes und verantwortungsvolles Leben (Lebensbew\u00e4ltigung)<\/span><\/p>\n<p align=\"LEFT\"><span style=\"font-size: medium;\">&#8211; Themen zur Vorbereitung auf das Leben als Erwachsener in den Arbeitslehrestunden<\/span><\/p>\n<p align=\"LEFT\"><span style=\"font-size: medium;\">&#8211; <a href=\"https:\/\/patternhof.de\/?page_id=3307\">Projekt \u201eVor dem Anfang starten\u201c<\/a><\/span><\/p>\n<\/li>\n<li>\n<p align=\"LEFT\"><span style=\"font-size: medium;\">Au\u00dferunterrichtliche Ma\u00dfnahmen durch externe Anbieter, z.B. Cool Down-Training, Sozialkompetenztraining, Tiergest\u00fctzte P\u00e4dagogik<\/span><\/p>\n<\/li>\n<\/ul>\n<h4 style=\"text-align: center;\" align=\"LEFT\"><span style=\"font-size: large;\">Unterrichtsentwicklung an der RSP<\/span><\/h4>\n<ul>\n<li>\n<p align=\"LEFT\"><span style=\"font-size: medium;\">Nachteilsausgleich<\/span><\/p>\n<\/li>\n<li>\n<p align=\"LEFT\"><span style=\"font-size: medium;\">zielgleiche und zieldifferente F\u00f6rderung<\/span><\/p>\n<\/li>\n<li>\n<p align=\"LEFT\"><span style=\"font-size: medium;\">Leistungsbewertung im GL<\/span><\/p>\n<\/li>\n<li>\n<p align=\"LEFT\"><span style=\"font-size: medium;\">M\u00f6gliche Abschl\u00fcsse<\/span><\/p>\n<p align=\"LEFT\"><span style=\"font-size: medium;\">&#8211; Erstellung eines Kriterienkatalogs zur Erlangung des Hauptschulabschlusses nach Klasse 9<\/span><\/p>\n<p align=\"LEFT\"><span style=\"font-size: medium;\">&#8211; zus\u00e4tzliche Unterrichtsangebote in Deutsch, Mathe und Englisch<\/span><\/p>\n<p align=\"LEFT\"><span style=\"font-size: medium;\">&#8211; gezieltes Training zur Vorbereitung auf die Abschlusspr\u00fcfung<\/span><\/p>\n<\/li>\n<li>\n<p align=\"LEFT\"><span style=\"font-size: medium;\">Unterrichtsangebote, die allen Sch\u00fclern mit ihren F\u00e4higkeiten und Fertigkeiten gerecht werden, z.B. Deutschwerkstatt, differenzierende Angebote, kooperative Lernformen, Kleingruppenf\u00f6rderung<\/span><\/p>\n<\/li>\n<li>\n<p align=\"LEFT\"><span style=\"font-size: medium;\">Entwicklung eines Konzeptes zum Umgang mit Verhaltensauff\u00e4lligkeiten<\/span><\/p>\n<p align=\"LEFT\"><span style=\"font-size: medium;\">&#8211; Kleingruppenarbeit oder bei Bedarf Einzelarbeit<\/span><\/p>\n<p align=\"LEFT\"><span style=\"font-size: medium;\">&#8211; Methodenschulung<\/span><\/p>\n<p align=\"LEFT\"><span style=\"font-size: medium;\">&#8211; Sozialkompetenztraining<\/span><\/p>\n<p align=\"LEFT\"><span style=\"font-size: medium;\">&#8211; Kollegiale Fallberatungen<\/span><\/p>\n<p align=\"LEFT\"><span style=\"font-size: medium;\">&#8211; enger Austausch mit den Erziehungsberechtigten<\/span><\/p>\n<p align=\"LEFT\"><span style=\"font-size: medium;\">&#8211; Verhaltenspl\u00e4ne, Reflexionsgespr\u00e4che<\/span><\/p>\n<p align=\"LEFT\"><span style=\"font-size: medium;\">&#8211; Sch\u00fclerberatungstage<\/span><\/p>\n<p align=\"LEFT\"><span style=\"font-size: medium;\">&#8211; Schullaufbahnberatungen<\/span><\/p>\n<\/li>\n<\/ul>\t\t\t\t\t\t<\/div>\n\t\t\t\t<\/div>\n\t\t\t\t\t<\/div>\n\t\t<\/div>\n\t\t\t\t\t<\/div>\n\t\t<\/section>\n\t\t\t\t<section class=\"elementor-section elementor-top-section elementor-element elementor-element-4bd5bc9 elementor-section-boxed elementor-section-height-default elementor-section-height-default\" data-id=\"4bd5bc9\" data-element_type=\"section\">\n\t\t\t\t\t\t<div class=\"elementor-container elementor-column-gap-default\">\n\t\t\t\t\t<div class=\"elementor-column elementor-col-100 elementor-top-column elementor-element elementor-element-adf4441\" data-id=\"adf4441\" data-element_type=\"column\">\n\t\t\t<div class=\"elementor-widget-wrap\">\n\t\t\t\t\t\t\t<\/div>\n\t\t<\/div>\n\t\t\t\t\t<\/div>\n\t\t<\/section>\n\t\t\t\t<\/div>\n\t\t","protected":false},"excerpt":{"rendered":"<p>Lernbegleiter Lernen lernen<\/p>\n","protected":false},"author":6,"featured_media":0,"parent":0,"menu_order":0,"comment_status":"closed","ping_status":"closed","template":"","meta":{"_eb_attr":"","footnotes":""},"class_list":["post-2238","page","type-page","status-publish","hentry"],"yoast_head":"<!-- This site is optimized with the Yoast SEO plugin v27.3 - https:\/\/yoast.com\/product\/yoast-seo-wordpress\/ -->\n<title>Inklusion | RSP<\/title>\n<meta name=\"robots\" content=\"index, follow, max-snippet:-1, max-image-preview:large, max-video-preview:-1\" \/>\n<link rel=\"canonical\" href=\"https:\/\/patternhof.de\/?page_id=2238\" \/>\n<meta property=\"og:locale\" content=\"de_DE\" \/>\n<meta property=\"og:type\" content=\"article\" \/>\n<meta property=\"og:title\" content=\"Inklusion | RSP\" \/>\n<meta property=\"og:description\" content=\"Lernbegleiter Lernen lernen\" \/>\n<meta property=\"og:url\" content=\"https:\/\/patternhof.de\/?page_id=2238\" \/>\n<meta property=\"og:site_name\" content=\"RSP\" \/>\n<meta property=\"article:modified_time\" content=\"2024-11-23T16:25:57+00:00\" \/>\n<meta property=\"og:image\" content=\"http:\/\/patternhof.de\/wp-content\/uploads\/2020\/11\/Leitbild-1024x536.jpg\" \/>\n<meta name=\"twitter:card\" content=\"summary_large_image\" \/>\n<meta name=\"twitter:label1\" content=\"Gesch\u00e4tzte Lesezeit\" \/>\n\t<meta name=\"twitter:data1\" content=\"3\u00a0Minuten\" \/>\n<script type=\"application\/ld+json\" class=\"yoast-schema-graph\">{\"@context\":\"https:\\\/\\\/schema.org\",\"@graph\":[{\"@type\":\"WebPage\",\"@id\":\"https:\\\/\\\/patternhof.de\\\/?page_id=2238\",\"url\":\"https:\\\/\\\/patternhof.de\\\/?page_id=2238\",\"name\":\"Inklusion | RSP\",\"isPartOf\":{\"@id\":\"https:\\\/\\\/patternhof.de\\\/#website\"},\"primaryImageOfPage\":{\"@id\":\"https:\\\/\\\/patternhof.de\\\/?page_id=2238#primaryimage\"},\"image\":{\"@id\":\"https:\\\/\\\/patternhof.de\\\/?page_id=2238#primaryimage\"},\"thumbnailUrl\":\"http:\\\/\\\/patternhof.de\\\/wp-content\\\/uploads\\\/2020\\\/11\\\/Leitbild-1024x536.jpg\",\"datePublished\":\"2016-01-31T11:59:13+00:00\",\"dateModified\":\"2024-11-23T16:25:57+00:00\",\"breadcrumb\":{\"@id\":\"https:\\\/\\\/patternhof.de\\\/?page_id=2238#breadcrumb\"},\"inLanguage\":\"de\",\"potentialAction\":[{\"@type\":\"ReadAction\",\"target\":[\"https:\\\/\\\/patternhof.de\\\/?page_id=2238\"]}]},{\"@type\":\"ImageObject\",\"inLanguage\":\"de\",\"@id\":\"https:\\\/\\\/patternhof.de\\\/?page_id=2238#primaryimage\",\"url\":\"https:\\\/\\\/i0.wp.com\\\/patternhof.de\\\/wp-content\\\/uploads\\\/2020\\\/11\\\/Leitbild.jpg?fit=1781%2C933&ssl=1\",\"contentUrl\":\"https:\\\/\\\/i0.wp.com\\\/patternhof.de\\\/wp-content\\\/uploads\\\/2020\\\/11\\\/Leitbild.jpg?fit=1781%2C933&ssl=1\",\"width\":1781,\"height\":933},{\"@type\":\"BreadcrumbList\",\"@id\":\"https:\\\/\\\/patternhof.de\\\/?page_id=2238#breadcrumb\",\"itemListElement\":[{\"@type\":\"ListItem\",\"position\":1,\"name\":\"Startseite\",\"item\":\"https:\\\/\\\/patternhof.de\\\/\"},{\"@type\":\"ListItem\",\"position\":2,\"name\":\"Inklusion\"}]},{\"@type\":\"WebSite\",\"@id\":\"https:\\\/\\\/patternhof.de\\\/#website\",\"url\":\"https:\\\/\\\/patternhof.de\\\/\",\"name\":\"RSP\",\"description\":\"Realschule Patternhof\",\"publisher\":{\"@id\":\"https:\\\/\\\/patternhof.de\\\/#organization\"},\"potentialAction\":[{\"@type\":\"SearchAction\",\"target\":{\"@type\":\"EntryPoint\",\"urlTemplate\":\"https:\\\/\\\/patternhof.de\\\/?s={search_term_string}\"},\"query-input\":{\"@type\":\"PropertyValueSpecification\",\"valueRequired\":true,\"valueName\":\"search_term_string\"}}],\"inLanguage\":\"de\"},{\"@type\":\"Organization\",\"@id\":\"https:\\\/\\\/patternhof.de\\\/#organization\",\"name\":\"RSP\",\"url\":\"https:\\\/\\\/patternhof.de\\\/\",\"logo\":{\"@type\":\"ImageObject\",\"inLanguage\":\"de\",\"@id\":\"https:\\\/\\\/patternhof.de\\\/#\\\/schema\\\/logo\\\/image\\\/\",\"url\":\"https:\\\/\\\/i0.wp.com\\\/patternhof.de\\\/wp-content\\\/uploads\\\/2024\\\/11\\\/cropped-462d7d81-a052-4d12-af5f-728c2558fd5b.png?fit=1975%2C890&ssl=1\",\"contentUrl\":\"https:\\\/\\\/i0.wp.com\\\/patternhof.de\\\/wp-content\\\/uploads\\\/2024\\\/11\\\/cropped-462d7d81-a052-4d12-af5f-728c2558fd5b.png?fit=1975%2C890&ssl=1\",\"width\":1975,\"height\":890,\"caption\":\"RSP\"},\"image\":{\"@id\":\"https:\\\/\\\/patternhof.de\\\/#\\\/schema\\\/logo\\\/image\\\/\"}}]}<\/script>\n<!-- \/ Yoast SEO plugin. -->","yoast_head_json":{"title":"Inklusion | RSP","robots":{"index":"index","follow":"follow","max-snippet":"max-snippet:-1","max-image-preview":"max-image-preview:large","max-video-preview":"max-video-preview:-1"},"canonical":"https:\/\/patternhof.de\/?page_id=2238","og_locale":"de_DE","og_type":"article","og_title":"Inklusion | RSP","og_description":"Lernbegleiter Lernen lernen","og_url":"https:\/\/patternhof.de\/?page_id=2238","og_site_name":"RSP","article_modified_time":"2024-11-23T16:25:57+00:00","og_image":[{"url":"http:\/\/patternhof.de\/wp-content\/uploads\/2020\/11\/Leitbild-1024x536.jpg","type":"","width":"","height":""}],"twitter_card":"summary_large_image","twitter_misc":{"Gesch\u00e4tzte Lesezeit":"3\u00a0Minuten"},"schema":{"@context":"https:\/\/schema.org","@graph":[{"@type":"WebPage","@id":"https:\/\/patternhof.de\/?page_id=2238","url":"https:\/\/patternhof.de\/?page_id=2238","name":"Inklusion | RSP","isPartOf":{"@id":"https:\/\/patternhof.de\/#website"},"primaryImageOfPage":{"@id":"https:\/\/patternhof.de\/?page_id=2238#primaryimage"},"image":{"@id":"https:\/\/patternhof.de\/?page_id=2238#primaryimage"},"thumbnailUrl":"http:\/\/patternhof.de\/wp-content\/uploads\/2020\/11\/Leitbild-1024x536.jpg","datePublished":"2016-01-31T11:59:13+00:00","dateModified":"2024-11-23T16:25:57+00:00","breadcrumb":{"@id":"https:\/\/patternhof.de\/?page_id=2238#breadcrumb"},"inLanguage":"de","potentialAction":[{"@type":"ReadAction","target":["https:\/\/patternhof.de\/?page_id=2238"]}]},{"@type":"ImageObject","inLanguage":"de","@id":"https:\/\/patternhof.de\/?page_id=2238#primaryimage","url":"https:\/\/i0.wp.com\/patternhof.de\/wp-content\/uploads\/2020\/11\/Leitbild.jpg?fit=1781%2C933&ssl=1","contentUrl":"https:\/\/i0.wp.com\/patternhof.de\/wp-content\/uploads\/2020\/11\/Leitbild.jpg?fit=1781%2C933&ssl=1","width":1781,"height":933},{"@type":"BreadcrumbList","@id":"https:\/\/patternhof.de\/?page_id=2238#breadcrumb","itemListElement":[{"@type":"ListItem","position":1,"name":"Startseite","item":"https:\/\/patternhof.de\/"},{"@type":"ListItem","position":2,"name":"Inklusion"}]},{"@type":"WebSite","@id":"https:\/\/patternhof.de\/#website","url":"https:\/\/patternhof.de\/","name":"RSP","description":"Realschule Patternhof","publisher":{"@id":"https:\/\/patternhof.de\/#organization"},"potentialAction":[{"@type":"SearchAction","target":{"@type":"EntryPoint","urlTemplate":"https:\/\/patternhof.de\/?s={search_term_string}"},"query-input":{"@type":"PropertyValueSpecification","valueRequired":true,"valueName":"search_term_string"}}],"inLanguage":"de"},{"@type":"Organization","@id":"https:\/\/patternhof.de\/#organization","name":"RSP","url":"https:\/\/patternhof.de\/","logo":{"@type":"ImageObject","inLanguage":"de","@id":"https:\/\/patternhof.de\/#\/schema\/logo\/image\/","url":"https:\/\/i0.wp.com\/patternhof.de\/wp-content\/uploads\/2024\/11\/cropped-462d7d81-a052-4d12-af5f-728c2558fd5b.png?fit=1975%2C890&ssl=1","contentUrl":"https:\/\/i0.wp.com\/patternhof.de\/wp-content\/uploads\/2024\/11\/cropped-462d7d81-a052-4d12-af5f-728c2558fd5b.png?fit=1975%2C890&ssl=1","width":1975,"height":890,"caption":"RSP"},"image":{"@id":"https:\/\/patternhof.de\/#\/schema\/logo\/image\/"}}]}},"jetpack_sharing_enabled":true,"_links":{"self":[{"href":"https:\/\/patternhof.de\/index.php?rest_route=\/wp\/v2\/pages\/2238","targetHints":{"allow":["GET"]}}],"collection":[{"href":"https:\/\/patternhof.de\/index.php?rest_route=\/wp\/v2\/pages"}],"about":[{"href":"https:\/\/patternhof.de\/index.php?rest_route=\/wp\/v2\/types\/page"}],"author":[{"embeddable":true,"href":"https:\/\/patternhof.de\/index.php?rest_route=\/wp\/v2\/users\/6"}],"replies":[{"embeddable":true,"href":"https:\/\/patternhof.de\/index.php?rest_route=%2Fwp%2Fv2%2Fcomments&post=2238"}],"version-history":[{"count":30,"href":"https:\/\/patternhof.de\/index.php?rest_route=\/wp\/v2\/pages\/2238\/revisions"}],"predecessor-version":[{"id":11027,"href":"https:\/\/patternhof.de\/index.php?rest_route=\/wp\/v2\/pages\/2238\/revisions\/11027"}],"wp:attachment":[{"href":"https:\/\/patternhof.de\/index.php?rest_route=%2Fwp%2Fv2%2Fmedia&parent=2238"}],"curies":[{"name":"wp","href":"https:\/\/api.w.org\/{rel}","templated":true}]}}