{"id":164,"date":"2017-12-13T14:05:50","date_gmt":"2017-12-13T13:05:50","guid":{"rendered":"http:\/\/patternhof.noez.de\/?page_id=164"},"modified":"2026-04-15T20:38:21","modified_gmt":"2026-04-15T18:38:21","slug":"schulervertretung","status":"publish","type":"page","link":"https:\/\/patternhof.de\/?page_id=164","title":{"rendered":"Sch\u00fclervertretung"},"content":{"rendered":"\t\t<div data-elementor-type=\"wp-page\" data-elementor-id=\"164\" class=\"elementor elementor-164\">\n\t\t\t\t\t\t<section class=\"elementor-section elementor-top-section elementor-element elementor-element-be7b472 elementor-section-boxed elementor-section-height-default elementor-section-height-default\" data-id=\"be7b472\" data-element_type=\"section\">\n\t\t\t\t\t\t<div class=\"elementor-container elementor-column-gap-default\">\n\t\t\t\t\t<div class=\"elementor-column elementor-col-25 elementor-top-column elementor-element elementor-element-ea6cb0e\" data-id=\"ea6cb0e\" data-element_type=\"column\">\n\t\t\t<div class=\"elementor-widget-wrap elementor-element-populated\">\n\t\t\t\t\t\t<div class=\"elementor-element elementor-element-7357ee4 elementor-view-default elementor-widget elementor-widget-icon\" data-id=\"7357ee4\" data-element_type=\"widget\" data-widget_type=\"icon.default\">\n\t\t\t\t<div class=\"elementor-widget-container\">\n\t\t\t\t\t<div class=\"elementor-icon-wrapper\">\n\t\t\t<a class=\"elementor-icon elementor-animation-pop\" href=\"http:\/\/patternhof.de\">\n\t\t\t<i aria-hidden=\"true\" class=\"fas fa-home\"><\/i>\t\t\t<\/a>\n\t\t<\/div>\n\t\t\t\t<\/div>\n\t\t\t\t<\/div>\n\t\t\t\t\t<\/div>\n\t\t<\/div>\n\t\t\t\t<div class=\"elementor-column elementor-col-25 elementor-top-column elementor-element elementor-element-5315800\" data-id=\"5315800\" data-element_type=\"column\">\n\t\t\t<div class=\"elementor-widget-wrap\">\n\t\t\t\t\t\t\t<\/div>\n\t\t<\/div>\n\t\t\t\t<div class=\"elementor-column elementor-col-25 elementor-top-column elementor-element elementor-element-644961b\" data-id=\"644961b\" data-element_type=\"column\">\n\t\t\t<div class=\"elementor-widget-wrap\">\n\t\t\t\t\t\t\t<\/div>\n\t\t<\/div>\n\t\t\t\t<div class=\"elementor-column elementor-col-25 elementor-top-column elementor-element elementor-element-4e71c6f\" data-id=\"4e71c6f\" data-element_type=\"column\">\n\t\t\t<div class=\"elementor-widget-wrap\">\n\t\t\t\t\t\t\t<\/div>\n\t\t<\/div>\n\t\t\t\t\t<\/div>\n\t\t<\/section>\n\t\t\t\t<section class=\"elementor-section elementor-top-section elementor-element elementor-element-347ecbad elementor-section-boxed elementor-section-height-default elementor-section-height-default\" data-id=\"347ecbad\" data-element_type=\"section\">\n\t\t\t\t\t\t<div class=\"elementor-container elementor-column-gap-default\">\n\t\t\t\t\t<div class=\"elementor-column elementor-col-100 elementor-top-column elementor-element elementor-element-2418895f\" data-id=\"2418895f\" data-element_type=\"column\">\n\t\t\t<div class=\"elementor-widget-wrap elementor-element-populated\">\n\t\t\t\t\t\t<div class=\"elementor-element elementor-element-6ae255ea elementor-widget elementor-widget-text-editor\" data-id=\"6ae255ea\" data-element_type=\"widget\" data-widget_type=\"text-editor.default\">\n\t\t\t\t<div class=\"elementor-widget-container\">\n\t\t\t<style>\/*! elementor - v3.22.0 - 17-06-2024 *\/\n.elementor-widget-text-editor.elementor-drop-cap-view-stacked .elementor-drop-cap{background-color:#69727d;color:#fff}.elementor-widget-text-editor.elementor-drop-cap-view-framed .elementor-drop-cap{color:#69727d;border:3px solid;background-color:transparent}.elementor-widget-text-editor:not(.elementor-drop-cap-view-default) .elementor-drop-cap{margin-top:8px}.elementor-widget-text-editor:not(.elementor-drop-cap-view-default) .elementor-drop-cap-letter{width:1em;height:1em}.elementor-widget-text-editor .elementor-drop-cap{float:left;text-align:center;line-height:1;font-size:50px}.elementor-widget-text-editor .elementor-drop-cap-letter{display:inline-block}<\/style>\t\t\t\t<p>\u00a0<\/p><p style=\"text-align: center;\"><strong><span style=\"color: #ff0000;\">SV-Lehrer: Frau Hendryk und Herr Dr. Mbarki<\/span><\/strong><\/p><p><strong>Die Ziele der Sch\u00fclervertretung:<\/strong><\/p><ol><li>Aktive Mitgestaltung des Schullebens<\/li><li>F\u00f6rderung und Umsetzung der Sch\u00fclerinteressen<\/li><\/ol><p><strong>Die Aktivit\u00e4ten der Sch\u00fclervertretung:<\/strong><\/p><ol><li style=\"text-align: left;\">Aufbau eines Systems regelm\u00e4\u00dfiger und effektiver SV-Stunde<\/li><li style=\"text-align: left;\">Durchf\u00fchrung eines zweit\u00e4tigen SV-Seminares zur Verbesserung der SV-Arbeit<\/li><li>Regelm\u00e4\u00dfige Sitzungen des Sch\u00fclerrates zur Umsetzung unserer Ziele<br \/><p style=\"text-align: left;\">\u00a0<\/p><\/li><\/ol><p style=\"text-align: left;\"><strong>Weitere Aktionen:<\/strong><\/p><ul><li style=\"text-align: left;\">SV-Sch\u00fclerdiscos f\u00fcr die Unterstufe<\/li><li style=\"text-align: left;\">Wettbewerbe Z.B. am Tag der offenen T\u00fcr<\/li><li style=\"text-align: left;\">Aufbau einer Werbepartnerschaft u.v.a.<\/li><li style=\"text-align: left;\">Informationen f\u00fcr 5-Kl\u00e4ssler<\/li><li style=\"text-align: left;\">Planung \/ Durchf\u00fchrung eines sponsored Walk<\/li><li style=\"text-align: left;\">Spendenaktionen z.B. f\u00fcr Flut-, Erdbeben- oder Kriegsopfer<\/li><\/ul><p align=\"center\"><strong><span style=\"color: #ff0000;\">SV-Team 2025\/26:<\/span><br \/><\/strong><\/p><ul><li style=\"text-align: left;\"><strong>Saida Emric<\/strong> (9D, Sch\u00fclersprecherin)<\/li><li style=\"text-align: left;\">Markes Mayer (9E, stellv. Sch\u00fclersprecher)<\/li><li style=\"text-align: left;\">Salim El Hajjaji (9D)<\/li><li style=\"text-align: left;\">Stefanie Kuckertz (9C) (nicht auf dem Bild)<\/li><li style=\"text-align: left;\">Shergo Hasan (10C)<\/li><li style=\"text-align: left;\">Riccardo Gambino (10B) (nicht auf dem Bild)<\/li><li style=\"text-align: left;\">Vertreter: Moritz Imdahl (9B)<\/li><\/ul>\t\t\t\t\t\t<\/div>\n\t\t\t\t<\/div>\n\t\t\t\t\t<\/div>\n\t\t<\/div>\n\t\t\t\t\t<\/div>\n\t\t<\/section>\n\t\t\t\t<\/div>\n\t\t","protected":false},"excerpt":{"rendered":"<p>\u00a0 SV-Lehrer: Frau Hendryk und Herr Dr. Mbarki Die Ziele der Sch\u00fclervertretung: Aktive Mitgestaltung des Schullebens F\u00f6rderung und Umsetzung der Sch\u00fclerinteressen Die Aktivit\u00e4ten der Sch\u00fclervertretung: Aufbau eines Systems regelm\u00e4\u00dfiger und [&hellip;]<\/p>\n","protected":false},"author":6,"featured_media":0,"parent":0,"menu_order":0,"comment_status":"closed","ping_status":"closed","template":"","meta":{"_eb_attr":"","footnotes":""},"class_list":["post-164","page","type-page","status-publish","hentry"],"yoast_head":"<!-- This site is optimized with the Yoast SEO plugin v27.5 - https:\/\/yoast.com\/product\/yoast-seo-wordpress\/ -->\n<title>Sch\u00fclervertretung | RSP<\/title>\n<meta name=\"robots\" content=\"index, follow, max-snippet:-1, max-image-preview:large, max-video-preview:-1\" \/>\n<link rel=\"canonical\" href=\"https:\/\/patternhof.de\/?page_id=164\" \/>\n<meta property=\"og:locale\" content=\"de_DE\" \/>\n<meta property=\"og:type\" content=\"article\" \/>\n<meta property=\"og:title\" content=\"Sch\u00fclervertretung | RSP\" \/>\n<meta property=\"og:description\" content=\"\u00a0 SV-Lehrer: Frau Hendryk und Herr Dr. Mbarki Die Ziele der Sch\u00fclervertretung: Aktive Mitgestaltung des Schullebens F\u00f6rderung und Umsetzung der Sch\u00fclerinteressen Die Aktivit\u00e4ten der Sch\u00fclervertretung: Aufbau eines Systems regelm\u00e4\u00dfiger und [&hellip;]\" \/>\n<meta property=\"og:url\" content=\"https:\/\/patternhof.de\/?page_id=164\" \/>\n<meta property=\"og:site_name\" content=\"RSP\" \/>\n<meta property=\"article:modified_time\" content=\"2026-04-15T18:38:21+00:00\" \/>\n<meta name=\"twitter:card\" content=\"summary_large_image\" \/>\n<meta name=\"twitter:label1\" content=\"Gesch\u00e4tzte Lesezeit\" \/>\n\t<meta name=\"twitter:data1\" content=\"1\u00a0Minute\" \/>\n<script type=\"application\/ld+json\" class=\"yoast-schema-graph\">{\"@context\":\"https:\\\/\\\/schema.org\",\"@graph\":[{\"@type\":\"WebPage\",\"@id\":\"https:\\\/\\\/patternhof.de\\\/?page_id=164\",\"url\":\"https:\\\/\\\/patternhof.de\\\/?page_id=164\",\"name\":\"Sch\u00fclervertretung | RSP\",\"isPartOf\":{\"@id\":\"https:\\\/\\\/patternhof.de\\\/#website\"},\"datePublished\":\"2017-12-13T13:05:50+00:00\",\"dateModified\":\"2026-04-15T18:38:21+00:00\",\"breadcrumb\":{\"@id\":\"https:\\\/\\\/patternhof.de\\\/?page_id=164#breadcrumb\"},\"inLanguage\":\"de\",\"potentialAction\":[{\"@type\":\"ReadAction\",\"target\":[\"https:\\\/\\\/patternhof.de\\\/?page_id=164\"]}]},{\"@type\":\"BreadcrumbList\",\"@id\":\"https:\\\/\\\/patternhof.de\\\/?page_id=164#breadcrumb\",\"itemListElement\":[{\"@type\":\"ListItem\",\"position\":1,\"name\":\"Startseite\",\"item\":\"https:\\\/\\\/patternhof.de\\\/\"},{\"@type\":\"ListItem\",\"position\":2,\"name\":\"Sch\u00fclervertretung\"}]},{\"@type\":\"WebSite\",\"@id\":\"https:\\\/\\\/patternhof.de\\\/#website\",\"url\":\"https:\\\/\\\/patternhof.de\\\/\",\"name\":\"RSP\",\"description\":\"Realschule Patternhof\",\"publisher\":{\"@id\":\"https:\\\/\\\/patternhof.de\\\/#organization\"},\"potentialAction\":[{\"@type\":\"SearchAction\",\"target\":{\"@type\":\"EntryPoint\",\"urlTemplate\":\"https:\\\/\\\/patternhof.de\\\/?s={search_term_string}\"},\"query-input\":{\"@type\":\"PropertyValueSpecification\",\"valueRequired\":true,\"valueName\":\"search_term_string\"}}],\"inLanguage\":\"de\"},{\"@type\":\"Organization\",\"@id\":\"https:\\\/\\\/patternhof.de\\\/#organization\",\"name\":\"RSP\",\"url\":\"https:\\\/\\\/patternhof.de\\\/\",\"logo\":{\"@type\":\"ImageObject\",\"inLanguage\":\"de\",\"@id\":\"https:\\\/\\\/patternhof.de\\\/#\\\/schema\\\/logo\\\/image\\\/\",\"url\":\"https:\\\/\\\/i0.wp.com\\\/patternhof.de\\\/wp-content\\\/uploads\\\/2024\\\/11\\\/cropped-462d7d81-a052-4d12-af5f-728c2558fd5b.png?fit=1975%2C890&ssl=1\",\"contentUrl\":\"https:\\\/\\\/i0.wp.com\\\/patternhof.de\\\/wp-content\\\/uploads\\\/2024\\\/11\\\/cropped-462d7d81-a052-4d12-af5f-728c2558fd5b.png?fit=1975%2C890&ssl=1\",\"width\":1975,\"height\":890,\"caption\":\"RSP\"},\"image\":{\"@id\":\"https:\\\/\\\/patternhof.de\\\/#\\\/schema\\\/logo\\\/image\\\/\"}}]}<\/script>\n<!-- \/ Yoast SEO plugin. -->","yoast_head_json":{"title":"Sch\u00fclervertretung | RSP","robots":{"index":"index","follow":"follow","max-snippet":"max-snippet:-1","max-image-preview":"max-image-preview:large","max-video-preview":"max-video-preview:-1"},"canonical":"https:\/\/patternhof.de\/?page_id=164","og_locale":"de_DE","og_type":"article","og_title":"Sch\u00fclervertretung | RSP","og_description":"\u00a0 SV-Lehrer: Frau Hendryk und Herr Dr. Mbarki Die Ziele der Sch\u00fclervertretung: Aktive Mitgestaltung des Schullebens F\u00f6rderung und Umsetzung der Sch\u00fclerinteressen Die Aktivit\u00e4ten der Sch\u00fclervertretung: Aufbau eines Systems regelm\u00e4\u00dfiger und [&hellip;]","og_url":"https:\/\/patternhof.de\/?page_id=164","og_site_name":"RSP","article_modified_time":"2026-04-15T18:38:21+00:00","twitter_card":"summary_large_image","twitter_misc":{"Gesch\u00e4tzte Lesezeit":"1\u00a0Minute"},"schema":{"@context":"https:\/\/schema.org","@graph":[{"@type":"WebPage","@id":"https:\/\/patternhof.de\/?page_id=164","url":"https:\/\/patternhof.de\/?page_id=164","name":"Sch\u00fclervertretung | RSP","isPartOf":{"@id":"https:\/\/patternhof.de\/#website"},"datePublished":"2017-12-13T13:05:50+00:00","dateModified":"2026-04-15T18:38:21+00:00","breadcrumb":{"@id":"https:\/\/patternhof.de\/?page_id=164#breadcrumb"},"inLanguage":"de","potentialAction":[{"@type":"ReadAction","target":["https:\/\/patternhof.de\/?page_id=164"]}]},{"@type":"BreadcrumbList","@id":"https:\/\/patternhof.de\/?page_id=164#breadcrumb","itemListElement":[{"@type":"ListItem","position":1,"name":"Startseite","item":"https:\/\/patternhof.de\/"},{"@type":"ListItem","position":2,"name":"Sch\u00fclervertretung"}]},{"@type":"WebSite","@id":"https:\/\/patternhof.de\/#website","url":"https:\/\/patternhof.de\/","name":"RSP","description":"Realschule Patternhof","publisher":{"@id":"https:\/\/patternhof.de\/#organization"},"potentialAction":[{"@type":"SearchAction","target":{"@type":"EntryPoint","urlTemplate":"https:\/\/patternhof.de\/?s={search_term_string}"},"query-input":{"@type":"PropertyValueSpecification","valueRequired":true,"valueName":"search_term_string"}}],"inLanguage":"de"},{"@type":"Organization","@id":"https:\/\/patternhof.de\/#organization","name":"RSP","url":"https:\/\/patternhof.de\/","logo":{"@type":"ImageObject","inLanguage":"de","@id":"https:\/\/patternhof.de\/#\/schema\/logo\/image\/","url":"https:\/\/i0.wp.com\/patternhof.de\/wp-content\/uploads\/2024\/11\/cropped-462d7d81-a052-4d12-af5f-728c2558fd5b.png?fit=1975%2C890&ssl=1","contentUrl":"https:\/\/i0.wp.com\/patternhof.de\/wp-content\/uploads\/2024\/11\/cropped-462d7d81-a052-4d12-af5f-728c2558fd5b.png?fit=1975%2C890&ssl=1","width":1975,"height":890,"caption":"RSP"},"image":{"@id":"https:\/\/patternhof.de\/#\/schema\/logo\/image\/"}}]}},"jetpack_sharing_enabled":true,"_links":{"self":[{"href":"https:\/\/patternhof.de\/index.php?rest_route=\/wp\/v2\/pages\/164","targetHints":{"allow":["GET"]}}],"collection":[{"href":"https:\/\/patternhof.de\/index.php?rest_route=\/wp\/v2\/pages"}],"about":[{"href":"https:\/\/patternhof.de\/index.php?rest_route=\/wp\/v2\/types\/page"}],"author":[{"embeddable":true,"href":"https:\/\/patternhof.de\/index.php?rest_route=\/wp\/v2\/users\/6"}],"replies":[{"embeddable":true,"href":"https:\/\/patternhof.de\/index.php?rest_route=%2Fwp%2Fv2%2Fcomments&post=164"}],"version-history":[{"count":47,"href":"https:\/\/patternhof.de\/index.php?rest_route=\/wp\/v2\/pages\/164\/revisions"}],"predecessor-version":[{"id":11701,"href":"https:\/\/patternhof.de\/index.php?rest_route=\/wp\/v2\/pages\/164\/revisions\/11701"}],"wp:attachment":[{"href":"https:\/\/patternhof.de\/index.php?rest_route=%2Fwp%2Fv2%2Fmedia&parent=164"}],"curies":[{"name":"wp","href":"https:\/\/api.w.org\/{rel}","templated":true}]}}